 Let m(i) = i + 21. Let t be m(r). Determine a(t).
-6
Let h(p) = -3*p**3 - p**2 + 2*p - 1. Let y(g) = -2*g + 22. Let a be y(11). Suppose -t - 4 + 5 = a. Give h(t).
-3
Let j(o) = o**2 + 6. Suppose 0 = -5*p + 3*p + b + 21, 5*p + 5*b = 30. Suppose 0 = -3*g - 6, 2*v + 4*g = 1 - p. Give j(v).
6
Suppose 0 = -10*v - 376 + 416. Let q(h) = 34 - h - 12 - 14. Determine q(v).
4
Let g(y) = y**2 - 7*y + 6. Let r = 6 - 2. What is g(r)?
-6
Suppose 20 = l + 5*j - 3*j, 0 = -2*l + 5*j + 58. Suppose 8*r - l = 5*r. Let o(n) = -7 + r - 2*n - 3. What is o(2)?
-6
Let m(b) = b**3 + 3*b**2 + 7*b + 4. Let j(d) = -d**2 - 1. Let y(k) = -4*j(k) + m(k). What is y(-6)?
2
Let i(w) = -w**2 - 11*w - 18. Let j = -754 - -747. Determine i(j).
10
Suppose 6 = 2*u + 4*q, -2*q = -5*u + 15 + 12. Suppose -6 - 4 = u*k. Let m(x) = 6*x - 7*x - 4*x - 3. What is m(k)?
7
Suppose -11*a - 3*x = -14*a + 27, -5*a + 4*x + 42 = 0. Let f(y) = -y**3 + 6*y**2 + y - 8. Give f(a).
-2
Suppose 4*l - 16 = -2*n, 5*n = l + 16 + 2. Let r(v) = 2*v - 4. Determine r(l).
0
Suppose -3*f + 6 = -6. Let j(d) be the second derivative of -d - 1/12*d**4 + 1/2*d**3 - 5/2*d**2 + 0. What is j(f)?
-9
Let r(f) = -f**3 - 10*f**2 + 14*f + 24. Suppose 106*w - 88 = 114*w. Determine r(w).
-9
Let s = -967 + 961. Let r(g) = -g**3 - 5*g**2 + 4*g - 6. Calculate r(s).
6
Let f(p) = -2*p + 9 + p**2 + 11*p - 2. Let d(x) = 16*x - 6. Let v be d(1). Suppose -r + 4 - v = 0. Give f(r).
-11
Let o = -458 + 452. Let g(c) = -c**3 - 5*c**2 + 6*c. Give g(o).
0
Let n(w) be the first derivative of 19*w**2/2 + 364. Determine n(1).
19
Let k(a) = -a**2 + 5*a. Let n(u) = -3*u**2 + 9*u. Let d(f) = -5*k(f) + 2*n(f). Let q be d(-7). Let y(h) = -h - 17. What is y(q)?
-17
Let k(w) = 2*w**3 + 26*w**2 + 11*w - 9. Let u(a) = a**3 + 14*a**2 + 5*a - 5. Let c(q) = -3*k(q) + 5*u(q). Give c(-7).
9
Suppose -2*d - 5 = -3*t - 0*t, 4*d + 5*t = 45. Suppose 8 = -2*y - n, -y = -2*y - d*n + 14. Let x(l) = -l**2 - 6*l. Give x(y).
0
Let k(r) = -10*r**2 - 1. Suppose 21*t = 22*t - 1. Calculate k(t).
-11
Let d = 1480 - 1482. Let v(w) = -w**3 - w**2 + 4*w + 2. What is v(d)?
-2
Let a be (0 + 1)*(-12 - -5). Let h(k) = -k**3 - 7*k**2 + 12. Let m be h(a). Let b(d) = 8*d - m - 3*d + 15 + d**2. What is b(-4)?
-1
Let i(k) be the second derivative of -k + 1/2*k**2 + 1/12*k**4 + k**3 + 0. Suppose 2*t - 2*a + 12 = 0, 0*a + 18 = -3*t + 2*a. Determine i(t).
1
Let x(t) = t**2 - 3*t + 3. Suppose -a + 1 = -2*u + 6, -2*u + 11 = 5*a. Determine x(u).
3
Let l(z) = 3*z + 3*z - 3*z + 3 - 2*z. Suppose 0 = 2*u - 4*c - 16, -4*u + 13 + 13 = -5*c. Determine l(u).
7
Let q(k) = -10 - 3*k - 12 + 7*k - 4. Determine q(8).
6
Let f(n) = 3*n - 20*n - 702 + 707. Give f(4).
-63
Let c(x) = -9*x + 1. Let q be 2 + -3 + 1*8. Suppose 2*o = q*o - 15. Let s be (2/o)/((-18)/(-27)). Give c(s).
-8
Let r(s) = -20*s + 6. Let i(o) = -8*o + 4. Let x(z) = -7*i(z) + 3*r(z). Calculate x(-5).
10
Suppose 0*b - 14 = b. Let a = b + 10. Let p = a - -8. Let g(l) = l**2 - 3*l + 1. What is g(p)?
5
Let m(y) = -4*y - 2. Suppose -5*k + 5 = -0. Suppose -2*g + 33 - 8 = p, 0 = -p - k. Let c be (2/3)/(g/(-39)). Give m(c).
6
Let x(l) = -13*l**2 - 13*l - 8. Let i(t) = 24*t**2 + 25*t + 15. Let b(k) = -6*i(k) - 11*x(k). Determine b(-10).
-32
Suppose -5*z - 65 = -7*g + 3*g, 3*z + 3*g + 12 = 0. Let o be (-2 + z/(-3))/1. Let d(v) be the first derivative of -5*v**2/2 + v + 7. Give d(o).
-4
Let z(x) = -37*x - 1107. Let i be z(-30). Let o(g) = -g**3 - g**2 - 8*g + 2. Let m(h) = 2*h**3 + 3*h**2 + 17*h - 5. Let w(b) = -6*m(b) - 13*o(b). What is w(i)?
-8
Let o(h) = -7*h + 18 + 10 + h**2 - 33 + 14. Suppose 0 = -2*n + 2, -37 = z + 2*z - n. Let c = 19 + z. What is o(c)?
9
Suppose 3*k = -11 + 74. Suppose 0 = 4*h - 7 - k. Let j(n) = -n**3 + 7*n**2 + n - 7. Calculate j(h).
0
Let y(f) = -39*f**2 + 19 - f + 2*f + 38*f**2. What is y(0)?
19
Let u(d) = 2*d + 2. Let s(n) be the third derivative of -n**4/8 - 5*n**3/6 - 20*n**2. Let r(t) = -2*s(t) - 5*u(t). Give r(1).
-4
Let c(v) = -4 - 8*v - 11*v + 372*v**2 - 371*v**2 + 22*v. Give c(-3).
-4
Let o(f) = -f**2 - 4. Let m(g) = -1. Let t(b) = -3*m(b) + o(b). Let a = 43 + -42. What is t(a)?
-2
Let a(b) = -b**2 + 7*b - 6. Let u be 3 - ((-5)/2)/((-4)/32). Let c(t) = 2*t + 40. Let j be c(u). Determine a(j).
0
Let y(c) be the third derivative of -c**6/360 + c**5/24 - c**4/12 - 2*c**3/3 - 7*c**2. Let s(w) be the first derivative of y(w). Calculate s(3).
4
Let a(g) be the second derivative of -g**3/6 - 14*g**2 + 2*g + 75. Determine a(-29).
1
Let s(z) = -24 - z**2 + 33 - 13 - 2*z. What is s(-4)?
-12
Let j(q) be the first derivative of q**2 + 6*q - 130. Suppose 2*o + 3 = 15. Suppose -7 = w + 2*u, 21 = -o*w + w + 4*u. What is j(w)?
-4
Suppose 4*i = -q + 4 + 2, 3*i - 5*q - 16 = 0. Let h be (33/(-6) - -3)*(0 + i). Let d(j) = -j**2 - j + 7. Give d(h).
-13
Let l = -26 + 33. Suppose 0 = 4*f - 4*u - 16, -2*f - 1 = -3*u - l. Suppose -5*h = 2*d - 20, -f = -4*h + 2. Let c(k) = 3*k - 5. Calculate c(d).
10
Let q = 0 + 3. Let z(u) = u**2 - q*u**3 - 10*u**3 + u**3 + 1 + u. Suppose 272*j + 47 = 225*j. Give z(j).
13
Let d(z) be the third derivative of -z**5/20 + z**4/8 + 2*z**2. Let r(l) = 2 + 3*l**2 + 0*l**2 + 0*l**2 - 2*l - 2*l**2. Let b be r(0). Determine d(b).
-6
Let j(f) be the third derivative of f**6/120 - f**5/60 + f**3/3 - 3*f**2. Let y be 5 + -4 + 3/1. Suppose k - y*p = 18, -8 = 4*k - 4*p + 8*p. Calculate j(k).
6
Let z(a) = -4*a + 3. Suppose -16*u = -11*u + 210. Let m be u/(-8) - (-3)/(-12). Suppose d - m = -5*v, 2*v + 2*v - 3 = -d. What is z(v)?
-5
Let d(u) be the first derivative of 4 - 5/2*u**2 + 1/6*u**3 - u. Let i(w) be the first derivative of d(w). What is i(6)?
1
Let n(s) = 3*s**2 + 3 + s + 6*s**2 - 3*s**2. Let q(g) be the first derivative of g**3/3 + g**2/2 - 50. Let r(j) = -n(j) + 5*q(j). Calculate r(2).
1
Let g be 4 + 7/((-14)/176). Let o = g - -80. Let z(k) = -5*k**2 - 6*k + 2. Let n(a) = 4*a**2 + 6*a - 1. Let r(u) = -3*n(u) - 2*z(u). Give r(o).
-9
Let r(a) = -7*a - 2. Let m(s) = s - 4. Let p(v) = v - 3. Let l(z) = -3*m(z) + 4*p(z). Let t(b) = 6*l(b) + r(b). Determine t(5).
-7
Let z(t) be the first derivative of -2*t**4 + t**2/2 + t + 671. Determine z(-1).
8
Let r(x) = 6 + 50*x - 47*x - x**3 + 3*x + 5*x**2. Give r(6).
6
Let d(k) = -18*k**3 + k**2 - 1. Let r = 255 + -256. Calculate d(r).
18
Let c(w) be the second derivative of -w**3/2 + 3*w**2/2 + 9*w. Let o = 96 + -93. What is c(o)?
-6
Let a(i) = i**3 - 5*i**2 + i - 1. Let m = -14 + 17. Suppose 10 = -j + m*j. Determine a(j).
4
Let r(k) = -k**3 - 16*k**2 + k - 6. Let i(n) = 3*n**3 + 46*n**2 - 2*n + 19. Let l(u) = 4*i(u) + 11*r(u). Calculate l(-8).
-14
Suppose -6 = -7*w + 36. Let o(v) be the third derivative of 1/12*v**5 + 0 - 5/6*v**3 - 3/8*v**4 - w*v**2 + 1/120*v**6 + 0*v. Determine o(-6).
13
Let m be (-19)/4 + 1/(-4). Let y(l) = 5*l**2 - 22*l - 7. Let n(s) = 6*s**2 - 29*s - 7. Let u(p) = 4*n(p) - 5*y(p). Determine u(m).
12
Let l(y) = -y**2 + 7*y - 9. Let t be l(6). Let c(x) be the first derivative of -1/4*x**4 - 2*x - x**2 + 19 - x**3. Calculate c(t).
4
Let q(n) = -n**2 - 2*n + 7. Let c be -8*(-2 - 26/(-4))/6. Calculate q(c).
-17
Suppose 144 = 10*p - p. Suppose -2*w + 2*m = 3*w - 20, -4*w - 3*m = -p. Let s(h) = -3*h**3 + 7*h + 2*h**3 + h - 4*h - 5 + 3*h**2. Give s(w).
-5
Let b(n) = 7 - 2*n**2 + 5*n + 4 - 8 - 5. Let z = 1 + 1. Let l be b(z). Let k(d) = -d**3 - d - 4. What is k(l)?
-4
Let b(z) = 2*z**2 - 14*z + 10. Let i be (-232)/(-6)*(-2 - 1). Let j be 6/(-10) - i/10. Let x(m) = -m**2 + 7*m - 5. Let u(k) = j*x(k) + 6*b(k). What is u(6)?
-1
Let m(z) = 2*z**3 - 9*z**2 + 6*z - 6. Let b(i) = i**3 - i**2 + i - 1. Let y(p) = -6*b(p) + m(p). Determine y(-2).
20
Let n(l) = 2*l**2 + 3*l + 2. Suppose 5*f + 8*f = 39. Let q(d) = -4*d**2 - 6*d - 4. Let z(x) = f*q(x) + 5*n(x). Give z(-2).
-4
Let a(x) = x**3 - 11*x**2 - x + 7. Suppose -27 = -3*h + 2*g, -h + 2*g + 4 = -1. Let c be a(h). Let z(k) = k + 3. What is z(c)?
-1
Let t(s) = s - 1. Let p(m) = m**3 + 15*m**2 - m + 2. Let c(v) = -13*v**2 + 2*v. Let h be c(-1). Let j be p(h). Let f = j - 13. Give t(f).
3
Let w(k) = -3*k - 160. Let f be w(-53). Let u(j) = -9*j**3 - 2*j**2 - j - 1. What is u(f)?
7
Suppose -9*x + 12 = -12*x. Let q(b) = -b**2 - 6*b - 1. Determine q(x).
7
Let i(r) be the first derivative of -6*r - 12 - 7/3*r**3 + 1/4*r**4 + 2